 - 7*i + 8. Let z be (1 - 0)/(15/1605). Suppose 0*h + h = -5*s + z, 5*h + 59 = 2*s. Calculate the remainder when s is divided by r(7).
6
Let o be (-6)/((-48)/20)*-2. Let b(z) = -13*z - 12. Let d be b(o). Let q = 107 - d. Calculate the remainder when q is divided by 19.
16
Let w(j) = 4*j + 135. What is the remainder when 37 is divided by w(-27)?
10
Let r(h) = -4*h - 11. Let y be r(-5). Calculate the remainder when -3 + ((-3)/(y/(-165)) - 2) is divided by 27.
23
Let k = -1378 + 1403. Let u(z) = z**3 + 7*z**2 + 4*z + 3. Calculate the remainder when k is divided by u(-6).
10
Suppose 8 = 4*q - 8. Calculate the remainder when 68*1 + -4 + 8 + q is divided by 13.
11
Let o(y) = -y**3 - 3*y**2 - 3*y + 1. Calculate the remainder when 20 is divided by o(-3).
0
Suppose -267*p = -288*p + 273. Calculate the remainder when 331 is divided by p.
6
Suppose g + 4*o - 449 = -4*g, -5*g + o + 444 = 0. Let r(p) be the first derivative of -2*p**2 - p + 1. Calculate the remainder when g is divided by r(-6).
20
Let n be 14/(-77) + 3634/22. Suppose n = -2*v + 7*v. What is the remainder when 129 is divided by v?
30
Let p(g) = 15*g + 4. Suppose 5*q - 52 - 48 = 0. Calculate the remainder when p(5) is divided by q.
19
Let g(i) = -i**2 + 18*i + 8. Let k be g(17). Suppose 0 = 4*o - 79 - k. Let t = 3 - -12. Calculate the remainder when o is divided by t.
11
Let r = 84 + -50. Let p(c) = -24*c + 1. Let a be p(-3). Let u = a - r. What is the remainder when u is divided by 21?
18
Let v(r) = r**3 + 14*r**2 + 6*r + 53. What is the remainder when v(-11) is divided by 71?
66
Suppose 5*k - 25 = -2*t + 39, -34 = -3*k + t. What is the remainder when k is divided by ((-9)/5)/((-1)/5)?
3
Suppose 10*u - 106 = 94. Let b(a) = -10*a - 3. Calculate the remainder when b(-18) is divided by u.
17
Suppose 22 = 4*v + 14, -4*w + 3*v + 22 = 0. Calculate the remainder when 81 is divided by w.
4
Let z be (-2*20/(-15))/(4/6). Suppose p = z*p - 51. What is the remainder when 67 is divided by p?
16
Let r be (1/(-2))/((-16)/64). Let w be 155/r*(-36)/(-30). Let q = -47 + w. What is the remainder when q is divided by 12?
10
Let u = 8 - -113. What is the remainder when u is divided by 41?
39
Suppose -a + 46 = -l - 0*a, 3*l + 141 = 2*a. What is the remainder when 30 is divided by (-14)/l + 75/7?
8
Let x(y) = -y**3 - 11*y**2 - 17*y - 4. Let c be x(-10). Let s = c - 53. Calculate the remainder when 37 is divided by s.
11
Let k(y) = -15*y + 920. Let b(p) = -11*p**3 + p**2 + p. Let z = -2 - -1. Calculate the remainder when k(60) is divided by b(z).
9
Let d = 135 - 119. Calculate the remainder when d is divided by 1/(4/(-48)*-3).
0
Let o = 1 - 0. Let j(l) = -3*l**3 - l**2 + l - 1. Calculate the remainder when 195/3 + (1 - o) is divided by j(-2).
14
Let q = 94 + -138. What is the remainder when 20 is divided by 2*(-114)/q + (-84)/462?
0
Calculate the remainder when 553 is divided by -9*((-10010)/45)/11.
7
Suppose -3*p = 2*p - 315. Let y = -33 + p. Let q = 6 - -2. Calculate the remainder when y is divided by q.
6
Suppose -3561 = -18*g - 1239. What is the remainder when g is divided by 44?
41
Let i(q) = -4*q**3 - q + 1. Suppose -6*z = 26*z - 2208. Calculate the remainder when z is divided by i(-2).
34
Suppose -5*z - 4*v = -110, v - 44 - 3 = -2*z. Let l = z - 9. Suppose 123 = 3*n - 174. What is the remainder when n is divided by l?
14
Suppose 4*p + 3*b = 55, p - 16 = -b - 2*b. Let k = 21 - p. Suppose n = 3*n - k. What is the remainder when n is divided by 2?
0
Calculate the remainder when ((-26)/130)/(1/(-1255)) is divided by 11.
9
Let v(h) = -h - 2. Let n be v(-2). Suppose n*d + 6 = d. Suppose 0 = -3*l + d*l - 144. Calculate the remainder when l is divided by 17.
14
Suppose -i - 258 = 2*i. Let b = i - -157. Suppose k + k = 4*v + 38, 0 = 5*k - 4*v - b. What is the remainder when 42 is divided by k?
9
Let s be (-19 - (-16)/4)/(-1). Let i = 17 - s. Suppose -3*g + i*w + 95 = -0*w, -g + 17 = 3*w. Calculate the remainder when g is divided by 8.
5
Suppose -44*o + 356 = -4836. What is the remainder when o is divided by 17?
16
Let s(l) = -9*l**3 - 34*l - 87. What is the remainder when s(-3) is divided by 33?
27
Let y(w) = w**3 + 15*w**2 + 14*w - 9. Let z(t) = -10*t + 6. Let f be z(2). Let v be y(f). Calculate the remainder when 36 is divided by ((-75)/20)/(v/24).
6
Let d be (11/(33/(-348)))/(-2). Suppose 3*j = 4*u - 37, 2*j - d - 4 = -4*u. What is the remainder when 24 is divided by u?
11
Let f(q) = q**2 + 6*q - 7. Let b be f(-9). Suppose 0 = -4*k - 0*k - c + b, 3*k + 3*c = 24. Suppose 2*j - k = 48. What is the remainder when 102 is divided by j?
24
Suppose 4*w + l = -3*l + 664, 669 = 4*w + 3*l. Suppose 5*h + k = -0*h + w, 5*h - 166 = 4*k. Calculate the remainder when 132 is divided by h.
30
Let y = -24 - -20. Let b = -10 + y. Calculate the remainder when 35 is divided by (-4)/b + (-246)/(-21).
11
Let n(h) = -3*h**3 + 29*h**2 + 8*h + 23. Calculate the remainder when 110 is divided by n(10).
2
Let y(g) = g**2 - 3*g - 7. Calculate the remainder when (-3 - -29) + 4 - 0 is divided by y(-3).
8
Let d(t) = 6*t**2 + t + 1 - 1. Let f be d(-1). Suppose 0 = v - f*v + 12. What is the remainder when 10 is divided by v?
1
Suppose -49*g = -48*g - 36. What is the remainder when g is divided by 14?
8
Let x(y) = 2*y**2 - 3*y + 47. Calculate the remainder when x(-8) is divided by 10.
9
Suppose 8*b - 9 - 7 = 0. Suppose -b*x = -7*x + 115. What is the remainder when x is divided by 12?
11
Let p(j) be the third derivative of j**5/30 - 5*j**4/12 + 3*j**3/2 - 32*j**2. Calculate the remainder when p(5) is divided by 7.
2
Suppose -r - 11 = -39. Let s = -4304 + 4345. Calculate the remainder when s is divided by r.
13
Let t(d) = d**2 + 18*d + 84. What is the remainder when 75 is divided by t(-5)?
18
Let a = -49 - -26. Let q(y) = -2*y + 27. Let k be q(0). Let s = a + k. Calculate the remainder when 11 is divided by s.
3
Suppose 0*y = y + 2*r - 24, y - 2*r = 16. Calculate the remainder when 5/(y/(-7) - -3) is divided by 12.
11
Suppose -4*u = -0*u + 3*y + 1486, -4*u = 5*y + 1482. Let w = -201 - u. Calculate the remainder when w/(-8)*(-1 + -1) is divided by 11.
10
Let z = 2002 + -1959. Calculate the remainder when 171 is divided by z.
42
Let b(n) = -5*n**3 - 9*n**2 - 4*n + 1. Calculate the remainder when b(-3) is divided by 24.
19
Let j(o) be the second derivative of o**5/20 - o**4/3 + 5*o**3/6 - 5*o**2/2 + 20*o. Calculate the remainder when 59 is divided by j(4).
14
Let b = -893 - -916. What is the remainder when 23 is divided by b?
0
Let i(v) = 20*v - 6. Let u = 5241 + -5225. What is the remainder when i(5) is divided by u?
14
Suppose 5*f - 31 = -3*n, -3*n - 36*f + 15 = -39*f. What is the remainder when 13 + -2 + (2 - 1) is divided by n?
5
Let t be -2 + (-5 - 0)*13. Let f = -4 - t. What is the remainder when f is divided by 16?
15
Let c(s) be the second derivative of 5*s**4/12 - s**3/3 - s**2/2 + 3*s. Let k be c(3). Let y = k - 21. What is the remainder when y is divided by 6?
5
Suppose 3*w = -4*l - 42 + 173, 0 = 2*l + 2. Let x = 77 - 72. Suppose 88 = 4*h - x*t - 19, t + 49 = 2*h. Calculate the remainder when w is divided by h.
22
Suppose 425 = 5*c - 5*q, -q - 6 = 2*q. Calculate the remainder when c is divided by -21*(-5)/(10 - 5).
20
Suppose -5*t = -2*i - 162, -4*t = -2*t - 3*i - 67. Let c = -12 + t. Calculate the remainder when c is divided by 11.
9
Suppose -8 = s - 35. Let r(t) = -t - 2. Let c be r(-2). Suppose c = 5*q - 4*a - 420, 4*a = -q - q + 140. What is the remainder when q is divided by s?
26
Let f(t) = 2*t**2 + 7*t + 2. Let o be 64/14 - 3/(-7). Suppose 10*i = -3*r + o*i + 29, -3*i = -3*r + 69. Calculate the remainder when f(-7) is divided by r.
15
Let x(i) = 2*i**3 - 10*i**2 - 6*i. Let c be (-2 - -1 - -15)/2. What is the remainder when x(c) is divided by 39?
37
Suppose 35*v = 19*v + 1712. Calculate the remainder when v is divided by 18.
17
Let m(b) = 237 - 241 - 9*b + b - 3*b**2 - b**3. Calculate the remainder when m(-4) is divided by 9.
8
Let b(y) = -y + 31. What is the remainder when (-90)/3*1/(-2) is divided by b(25)?
3
Suppose -2*y + 1800 = 7*y. Suppose 0 = 2*w, 0 = 4*s + 5*w + 40 - y. What is the remainder when s is divided by 11?
7
Suppose 221 = 13*c - 468. Suppose 0*f + 40 = 4*f - p, -2*p = -8. What is the remainder when c is divided by